x = 1234 + -1177. Calculate the highest common factor of 570 and x.
57
Let w(n) = -n**2 + 4*n + 7. Let d be w(21). Let x be d/(2/(-4)*4). What is the highest common divisor of 35 and x?
35
Let i = -43 - -56. Suppose -i*b + 276 = -1336. Calculate the highest common divisor of b and 4.
4
Suppose -71*n = 17*n - 1848. Calculate the highest common divisor of n and 413.
7
Suppose 14 = 33*d - 31*d. Let b(j) = -7*j**2 + d + 10*j**2 - 10 + 2*j. Let p be b(-3). What is the highest common divisor of 144 and p?
18
Suppose 0 = f - 54 - 5. Let u = 47 - f. Let j(c) = -2*c**2 - 26*c - 9. Let z be j(u). Calculate the highest common factor of z and 5.
5
Suppose -198*f + 7980 = -103*f. What is the greatest common divisor of 1596 and f?
84
Suppose -g - 2 = w - 7, 2*g - w - 4 = 0. Suppose -852 = -4*i - g*z, 56*i - 61*i - z + 1076 = 0. What is the highest common divisor of 144 and i?
72
Let q(u) be the second derivative of -u**5/20 - 2*u**4/3 - u**3/3 - 3*u**2/2 + 74*u. Let d be q(-8). Calculate the greatest common divisor of 247 and d.
13
Suppose x + 5*y - 3*y + 18 = 0, -2*x = -4*y + 60. Let r be ((-9)/(-27))/((-1)/x). What is the greatest common divisor of 2 and r?
2
Suppose -219 = -x - 2*a + 443, -5*x + 3365 = -a. What is the greatest common factor of 294 and x?
42
Suppose 0 = 4*o - 181 + 53. Suppose o*n - 3432 = -744. Suppose 2*a - 32 = -2*x - 2*a, -2*a = -3*x + 32. What is the highest common factor of n and x?
12
Let t be 4/(-34)*1 + (-516)/(-51). Let x be t + ((-2)/4 - (-5)/(-10)). Calculate the highest common factor of 288 and x.
9
Suppose -2*j = 783 - 1095. Let t be -2 + -1 - ((-2 - 27) + 2). What is the highest common divisor of j and t?
12
Let s = 0 + -5. Let k be s/5 + 3 - -4. Suppose -p + 4*p = 5*z - 134, 3*p = k. What is the highest common divisor of 7 and z?
7
Let u(r) = -8*r**3 - 117*r**2 + 32*r + 17. Let s be u(-15). Calculate the highest common factor of s and 4028.
212
Let z(f) = 2*f**2 + 22*f + 5. Let g be z(-11). Let v be (6/30 + 1/g)*45. Calculate the highest common factor of v and 54.
18
Suppose 3*k + 1065 = 6*k. Let b be (49/(-28))/(3/420). Let o = b + k. What is the greatest common divisor of o and 11?
11
Suppose -17656 = -223*q - 11216 + 13184. Calculate the highest common divisor of 1376 and q.
8
Let c(j) = -28*j - 403. Let q be c(-44). Let f = -729 + q. What is the greatest common factor of 50 and f?
50
Let v(s) = -9*s + 13. Let l be v(-2). Let n(d) = 3*d. Let m be n(l). Calculate the greatest common factor of m and 62.
31
Let g = -17744 + 18104. Calculate the highest common divisor of 2460 and g.
60
Let w be -4 + 9*623/21. Let o = -172 + w. Suppose -3*m + 23 + 16 = 0. What is the highest common factor of m and o?
13
Let p(w) = 35*w + 73. Let l be p(0). Let b = l - -377. What is the highest common factor of b and 18?
18
Let v = -90 + 25. Let k(r) = -r**3 + r**2 + 3*r - 98. Let w be k(0). Let t = v - w. What is the highest common divisor of 11 and t?
11
Let k = 1797 - -14544. What is the greatest common divisor of k and 39?
39
Suppose 3*a - 369 = -2*v, -3*v - 246 = -2*a + 2*v. Suppose -82 = -3*r + 2*r. Calculate the greatest common divisor of a and r.
41
Let k be (-2154649)/(-161) + 138/1587. What is the highest common factor of k and 9?
9
Let p(x) = -4*x - 47. Let m be p(-11). Let w be ((-2)/m)/((-10)/(-885)). Let h = -54 + w. What is the greatest common factor of h and 5?
5
Let z(t) = 3*t**2 - 31*t - 34. Let i be z(14). Suppose -2088 = 22*g - 51*g. Calculate the greatest common factor of i and g.
24
Suppose 6*x - 9*x = -27. Suppose 0 = 7*y - x*y + 90. Let m = -36 + y. What is the greatest common factor of 9 and m?
9
Suppose -3*a - 32 = -3*b - 11, 2*b = -3*a - 1. Let l be (50/4 - b)*34. What is the highest common factor of l and 17?
17
Suppose 2*r - 45 = 7*r. Let k be (-100)/(-6) + (-3 - 21/r). What is the greatest common factor of 432 and k?
16
Let g be (-32610)/(-960) + (-7)/(-224). Let i be (-956)/(-8) - 1/2. Calculate the greatest common divisor of i and g.
17
Let f be (1449/(-27))/(-23)*(-30)/(-7). Let c be (1 - 0)*0/2. Suppose c = -v - 3*v + 20. What is the greatest common factor of v and f?
5
Suppose a - 3*m = -13 - 3, 8 = -3*a + m. Let b be (a - (-605)/22)*16*4. What is the greatest common divisor of 106 and b?
106
Let l(t) = 9*t**2 - 125*t - 8. Let g be (-2)/14 + -14 + 1773/63. Let s be l(g). What is the greatest common divisor of 8 and s?
2
Let f = 9969 + -9892. Calculate the greatest common divisor of 9856 and f.
77
Suppose 0 = -a - 0*x + 3*x + 27, 3*a - 4*x - 81 = 0. Let o = -18899 - -19007. Calculate the highest common divisor of o and a.
27
Suppose -3*l + 2869 = 4*m, 4*m - 2*l - 1787 = 1067. Calculate the highest common factor of 220 and m.
55
Let t = 4273 + -937. Calculate the greatest common divisor of t and 6.
6
Let f = 3839 - 3663. Calculate the greatest common divisor of 451 and f.
11
Suppose -2385 = 35*l - 44*l. Calculate the greatest common factor of l and 212.
53
Let t be (-4)/(-2 + 2432/1224). Suppose 297*y - t*y + 2484 = 0. What is the greatest common divisor of 8 and y?
4
Suppose 2*b + 3 - 1 = 0, 3*o = -3*b + 303. Let v = o + 34. Calculate the highest common divisor of v and 24.
8
Let i be (-2924)/(-44) + 12/22. What is the greatest common factor of 8 and i?
1
Suppose 96*k + 132 = 94*k. Let z be (-18984)/k + 12/33. Calculate the greatest common divisor of z and 64.
32
Suppose 5*t - 3196 = -3*w, -96*t + 91*t + 2124 = 2*w. Calculate the greatest common divisor of w and 88.
8
Let a be (1/3 - -1)/((-517)/1551). Let z = -2 - -1. Let m be 8/(z/a - (-2)/8). Calculate the greatest common factor of m and 16.
16
Suppose -5*n + 90482 = 5*o - 4*o, 5*o = 4*n - 72374. Calculate the greatest common factor of 26 and n.
26
Let n(a) = 3*a + 24. Let x be n(-8). Suppose x*v - v = 46. Let j = -40 - v. What is the greatest common divisor of 15 and j?
3
Let d be -7 + 36/(-2) + 113. Calculate the highest common divisor of 473 and d.
11
Let r = -73 - -22. Let f = -30 - r. Suppose m = -2*m - 3*v + 15, -6 = 3*v. Calculate the highest common factor of m and f.
7
Suppose 17*r - 23*r = 144 - 2724. Calculate the greatest common divisor of r and 370.
10
Let b be (-1)/(1 - 7/((-4144)/(-593))). What is the highest common divisor of 962 and b?
74
Let h be (286/12)/(7/42). Let d = -121 + h. What is the greatest common factor of d and 176?
22
Let y(d) = d**2 + 32*d - 261. Let r be y(-41). Let j(a) = -a**2 + 16*a + 4. Let c be j(16). Calculate the highest common factor of r and c.
4
Let r = 16 - -1. Suppose 2*t + 7 = r. Suppose -5*l + t*v + 1360 = 0, 0*l + 3*v = -4*l + 1109. What is the greatest common divisor of l and 25?
25
Suppose 24*j - 23*j = 188. What is the highest common factor of j and 3854?
94
Suppose -301*z + 280*z = -462. Calculate the highest common factor of 13 and z.
1
Let i = 1583 + -630. Let l = i + -801. Suppose -16 = -3*k + 2*k - p, -3*p + 29 = 2*k. Calculate the greatest common factor of l and k.
19
Let u(t) = -4*t**2 - 74*t - 126. Let s be u(-8). Calculate the highest common divisor of s and 406.
14
Let k(z) = 2*z**2 + 14*z - 11. Let t be k(-8). Suppose 0 = -t*b + 872 + 628. Calculate the greatest common factor of 75 and b.
75
Let g(u) = u**2 + 53*u + 78. Let r be g(-45). Let m = r - -314. Calculate the greatest common factor of 352 and m.
32
Let i = -72 + 86. Let l be -1*(4 - 3) + i. What is the greatest common divisor of l and 104?
13
Let s be 7735/20 - (-1)/4. Let t = -147 + s. Calculate the highest common divisor of t and 144.
48
Suppose 0 = -4*j - y + 1406, 6*y = 2*j + y - 670. Calculate the highest common divisor of 170 and j.
10
Let s be (20736/8)/(-12) + -4 + 2. Let x = 589 + s. Calculate the highest common divisor of 7 and x.
7
Let y(s) = 235*s + 345. Let p be y(0). Calculate the greatest common divisor of p and 25.
5
Suppose 4265 - 884 = 49*u. What is the highest common factor of u and 2?
1
Let v be (438/730)/(1*(-1)/(1 + -116)). What is the greatest common divisor of 42 and v?
3
Suppose 2*t = -3*k + 323 - 47, 675 = 5*t + 5*k. Let n be 2062/12 + (-12)/(-72). Calculate the greatest common factor of n and t.
43
Let j = -397 - -577. Calculate the highest common divisor of j and 300.
60
Let f = 22 - 15. Suppose 3*p = -5*k + f*p + 424, p + 337 = 4*k. Calculate the greatest common factor of 14 and k.
14
Let u(p) = -165*p 